 Suppose b*s = 177 + 143. What is the units digit of s?
4
Let m = -400 + 830. Suppose -m = -34*o + 39*o. Let v = o - -146. What is the tens digit of v?
6
Suppose 0 = 9*a - 8*a - 2. Let u be (-11 - 1) + (a - -2). Let o = u + 32. What is the units digit of o?
4
Let r(a) = -a + 14. Let u be r(8). Suppose -u*n = 250 + 86. Let q = n - -268. What is the hundreds digit of q?
2
Let g be ((-360)/420)/((-1)/((-5628)/(-2))). Let z = 4071 - g. What is the units digit of z?
9
Suppose p = -3*i + 41025, 0 = i + p - 8451 - 5226. What is the hundreds digit of i?
6
Suppose 10*b + 104776 = 3*p, 28*p + 69894 = 30*p + 2*b. What is the ten thousands digit of p?
3
Suppose 5*g - 944 = -11*g. Let j = 207 - g. What is the hundreds digit of j?
1
Let v be (6/4)/((-45)/(-60)). Suppose 0 = 4*w - 3*z - 1611, -11*w + 2031 = -6*w + v*z. What is the tens digit of w?
0
Let z = 9588 - 9124. What is the units digit of z?
4
Suppose 14*j - 141 + 1 = 0. What is the tens digit of 204 - (4/j + (-64)/(-40))?
0
Let d(r) = -r**3 - 17*r**2 - r - 20. Let q be d(-17). Let m be (138/(-2))/q - -5. Suppose 2*x + 180 = 5*b, -5*x + 73 + m = 2*b. What is the tens digit of b?
3
Let u = 19 + 52. Let l = -50 - -38. Let n = u - l. What is the units digit of n?
3
Let x be (-276)/(-15) - (-4)/(-40)*-6. Suppose x*n - 17865 = 10122. What is the tens digit of n?
7
Suppose -27*s = -0*s - 33507. Let o = s + -414. What is the tens digit of o?
2
Let x be 9 - -612 - ((-2)/(-1))/2. What is the tens digit of (-3 - (3 + -4))/((-5)/x)?
4
Let z = -42 + 50. Suppose z*y - 2*m + 128 = 9*y, 0 = 4*y - 4*m - 500. What is the units digit of y?
6
Suppose 0 = 20*o - 60*o + 149640. What is the hundreds digit of o?
7
Let x(p) = -19*p + 22. Let a be x(6). What is the thousands digit of (-48)/8*a/(-16)*-30?
1
Let u(w) = 7298*w**2 - 7*w + 9. What is the tens digit of u(1)?
0
Let n(s) = s**3 - 14*s**2 - 15*s + 2. Let y be n(15). Let m be y + (1 - (1 - 0)). Suppose 545 = m*w - 21. What is the hundreds digit of w?
2
Let q(p) = 238*p**3 - 9*p**2 + 20*p + 4. What is the hundreds digit of q(3)?
4
Let v(s) be the first derivative of -2*s**2 + 7*s - 36. Let d(l) = -l - 8. Let i be d(-8). What is the units digit of v(i)?
7
Let z(n) = 15120*n**2 + 38*n - 38. What is the hundreds digit of z(1)?
1
Suppose -3*z + 6 = -2*v, 4 - 2 = z + v. Suppose -x + q + 9 = -z*q, -2*x - 37 = 5*q. Let a(g) = g**3 + 6*g**2 - 3*g - 7. What is the tens digit of a(x)?
1
Let v = 1171 + -2338. Let i = 2505 + v. What is the hundreds digit of i?
3
Let o(i) = -11*i**2 + 34*i + 10. Let c be o(8). Let y = 861 + c. What is the tens digit of y?
3
Let z(p) = p**3 - 25*p**2 + 22*p + 55. Let a be z(24). What is the tens digit of -4 + (6 - -5727)/a?
1
Suppose -214556 - 2662748 = -171*g + 1309460. What is the tens digit of g?
8
Let a be (-4)/(-18) - (-7 + (-58)/(-18)). Suppose a*f = -5*v + 359 + 257, -5*v + 3*f = -588. Let n = 23 + v. What is the units digit of n?
3
Let s(g) = 3*g**2 - 5*g - 2. Let d be s(-3). Let u = -1920 + 1892. Let c = d + u. What is the units digit of c?
2
Suppose 0*u + u + 3 = -r, -4*r = -2*u - 18. Let w be 1*(r + ((-2)/2)/(-1)). Suppose -w*t = 2 - 50. What is the units digit of t?
6
Suppose 2*p + 3*b + 3 = -0*p, 3*p + 3*b = 0. Suppose -p*w - w = 4240. What is the units digit of 1/(5*(-4)/w)?
3
Suppose 0 = -4*r + 12. Let b be (-12 - r - 2) + 4. Let y(o) = o**2 + 8*o + 11. What is the tens digit of y(b)?
7
Let g(q) = -6*q + 46. Let m be g(8). Let w(f) be the third derivative of 13*f**5/30 - f**4/24 - 2*f**3/3 + 2*f**2. What is the tens digit of w(m)?
0
Let w(h) = -360*h - 36. Let k be w(-2). What is the tens digit of (0 + -28)/(-6 + k/117)?
8
Suppose -3 - 1 = -3*v - s, -5*v - 4*s - 5 = 0. Suppose 3*m - 4*h = 666, -v*h = m - h - 212. What is the tens digit of m?
1
Suppose 3*t - 1 = -d + 5, -t - 2*d - 3 = 0. Suppose -x + t*x = -358. What is the tens digit of (-7)/(-28) + x/(-4)?
4
What is the tens digit of ((-1388)/(-6))/((245/(-42))/(-35))?
8
Let o(b) = -b**3 + 58*b**2 + 36*b + 59. What is the tens digit of o(55)?
1
Let m be (1/(-6))/(8/12)*0. Let y be -2 + (m/(-1) - (-5 + 1)). Suppose 4*r - 452 = y*x, -r = -3*x - 74 - 29. What is the hundreds digit of r?
1
What is the tens digit of 183/(-122)*(-30488)/6?
2
What is the hundreds digit of 4/14 - (-26010069)/1491?
4
Suppose 161769 = 3*b - 35*j + 38*j, 2*j - 215698 = -4*b. What is the thousands digit of b?
3
Suppose 6*f = -8*f + 17024. Suppose -4241 - f = -17*x. What is the tens digit of x?
2
Suppose 0 = 2*i - 8*i. Suppose 5*o - 14*d + 9*d - 895 = i, -5*o + 2*d + 895 = 0. What is the tens digit of o?
7
Let f be ((-196)/(-6))/(10/(-240)). Let a be f/(-6) - -2 - (-8)/(-12). Suppose -4*c + 4*b = -0*b - a, -3*b = 2*c - 86. What is the tens digit of c?
3
Let q(n) = 47*n - 11. Let s be q(5). Suppose 3*o + 5*k - 689 = 0, o - 3*k = k + s. Suppose -3*y = -7*y + o. What is the units digit of y?
7
Let j(g) = 236*g**2 - 70*g - 17. What is the tens digit of j(4)?
7
Let t be -4*(-4)/(-8) - (-3225 + 0). Suppose t = 7*r + 738. What is the units digit of r?
5
Let n = -34142 - -51148. What is the tens digit of n?
0
Suppose -17*k - 2*k + 21599 = -64870. What is the units digit of k?
1
Suppose 40*p + 3*r + 31113 = 41*p, -p + 2*r + 31116 = 0. What is the tens digit of p?
2
Let q(a) = -a**3 + 9*a**2 - 6*a + 2 + 10 - 1 - 5. Let z be q(8). Suppose z*r - 18*r - 544 = 0. What is the tens digit of r?
3
Let a(w) = 58*w**2 + 11*w - 3. Suppose 2*n = -217 + 219. What is the units digit of a(n)?
6
Suppose 4*n - 34 = 5*h, 0 = -n + 4*h + 3 + 11. Suppose -n*a = -3629 - 3517. What is the tens digit of a?
9
What is the units digit of (-6 + -2)*(-275)/44?
0
Let w(z) = -2*z + 7. Let x be w(4). Let q be x*(2 - (11 - 4)). Suppose h = q*h - 60. What is the units digit of h?
5
Let d(o) = -o**3 + 4*o**2 + 6*o - 9. Let r be d(5). Let u be (-3)/((-9)/r)*759/(-11). Let g = u - 60. What is the units digit of g?
2
Suppose -19*o + 22 = -54. Suppose 219 = o*f - 897. What is the hundreds digit of f?
2
Let p be 2/(-4)*(63/7 + 407). Let j = p + 350. What is the units digit of j?
2
Let n(l) = -4914*l - 979. What is the ten thousands digit of n(-3)?
1
Let f = -1506 + 977. Let k = -273 - f. What is the hundreds digit of k?
2
Let a = -1395 - 348. Let i = -1223 - a. What is the tens digit of i?
2
Let q(d) = -13 - 2*d**3 - 94*d + 105*d - 5*d**2 - 9*d**2. Let u be q(-9). Suppose 0 = 6*v - 52 - u. What is the tens digit of v?
4
Suppose -3*p = 3*x + 330, 2*x + 235 = 5*p + 29. What is the units digit of (-2)/12 - 19566/x?
1
Suppose 0 = -o + 5*w + 27, 0 = -4*o - 4*w + 28 + 8. Suppose 7*m + 836 = o*m - j, -664 = -4*m + 2*j. What is the hundreds digit of m?
1
Suppose 75*x = 42*x + 139920. What is the tens digit of x?
4
Let i(r) = -29*r - 8. Let d be i(-3). Suppose -36 - d = -o - 2*q, 0 = 4*q + 8. Suppose -8 = -4*g, o - 43 = 3*m + 5*g. What is the units digit of m?
2
Let c be ((-12)/6)/((-2)/1). Let d be 64/(-4)*c/(-2). Suppose -9*m + d*m = -61. What is the tens digit of m?
6
Suppose -3*u - 2 = 3*p + 1, -p = -u - 11. What is the hundreds digit of (39/26)/(u/4)*-177?
1
Suppose 2*t + i - 108 = 97, 4*t + 5*i - 401 = 0. Suppose 7 = 4*h + 399. Let w = h + t. What is the units digit of w?
6
Let y(g) = -201*g**2 - 14*g - 20. Let t be y(-2). Let m = 1336 + t. What is the tens digit of m?
4
Let p(q) = q**3 - 18*q**2 + 17*q + 16. Let m be p(17). Let w(b) = b**2 + 4*b - 26. What is the tens digit of w(m)?
9
Let t = -755 + 796. Suppose t*y = 46*y - 6840. What is the units digit of y?
8
Suppose 5087 + 6356 = 4*w - 3*i, -3*w = 5*i - 8575. What is the thousands digit of w?
2
Suppose -5215 = -b + 4*f, -239*b + 10370 = -237*b + 4*f. What is the hundreds digit of b?
1
Let n(x) = 1064*x**2 + 13*x + 22. What is the tens digit of n(-3)?
5
Suppose 3*q - 5*a - 112219 = 0, -96*a + 94*a - 37407 = -q. What is the ten thousands digit of q?
3
Suppose 0 = -3*y + 4*r - 2724, -3 = -9*r + 10*r. Let n = y - -1553. What is the units digit of n?
1
Suppose 48*g + 876561 = -19*g + 88*g. What is the units digit of g?
1
Let s(b) = 24*b**2 + 43*b - 341. What is the hundreds digit of s(-16)?
1
Let n(j) = -2*j**2 + 31*j - 17. Suppose x + 56 = 4*b, -b - x + 1 + 18 = 0. Let d be n(b). What is the tens digit of d/((8/(-214))/2)?
0
Suppose -21153 - 115 = -4*z. What is the thousands digit of z?
5
Let z = 1010 - -2964